{"id":2835,"date":"2023-12-12T16:21:12","date_gmt":"2023-12-12T15:21:12","guid":{"rendered":"https:\/\/hotelunicornis.hu\/web\/?page_id=2835"},"modified":"2023-12-12T16:27:23","modified_gmt":"2023-12-12T15:27:23","slug":"facebook-jatekszabaly","status":"publish","type":"page","link":"https:\/\/hotelunicornis.hu\/web\/facebook-jatekszabaly\/","title":{"rendered":"Facebook j\u00e1t\u00e9kszab\u00e1ly"},"content":{"rendered":"<div class=\"vce-row-container\" data-vce-boxed-width=\"true\"><div class=\"vce-row vce-row--col-gap-30 vce-row-equal-height vce-row-content--top\" id=\"el-462a4004\" data-vce-do-apply=\"all el-462a4004\"><div class=\"vce-row-content\" data-vce-element-content=\"true\"><div class=\"vce-col vce-col--md-auto vce-col--xs-1 vce-col--xs-last vce-col--xs-first vce-col--sm-last vce-col--sm-first vce-col--md-last vce-col--lg-last vce-col--xl-last vce-col--md-first vce-col--lg-first vce-col--xl-first\" id=\"el-4cde8960\"><div class=\"vce-col-inner\" data-vce-do-apply=\"border margin background  el-4cde8960\"><div class=\"vce-col-content\" data-vce-element-content=\"true\" data-vce-do-apply=\"padding el-4cde8960\"><div class=\"vce-text-block\"><div class=\"vce-text-block-wrapper vce\" id=\"el-088ddd2b\" data-vce-do-apply=\"all el-088ddd2b\"><p><strong>Unicornis Hotel\u2013 Nyerem\u00e9nyj\u00e1t\u00e9k szab\u00e1lyzat<\/strong><\/p><p>\u00c9rv\u00e9nyes 2023. december 13-t\u00f3l<\/p><ol><li><strong> A nyerem\u00e9nyj\u00e1t\u00e9k szervez\u0151je<\/strong><\/li><\/ol><p>N\u00e9v: Sz\u00e9kely Sas Kft<br>El\u00e9rhet\u0151s\u00e9g: 3300 Eger, Dr. Hibay K\u00e1roly utca 2.<br>E-mail:<a href=\"mailto:info@hotelunicornis.hu\">info@hotelunicornis.hu<\/a><a href=\"mailto:info@halhaza-vendeghaz.hu\"><br><\/a>Telefon: <a href=\"tel:+36706342929\">+36-70-634-2929<\/a><\/p><p>Az Unicornis Hotel (tov\u00e1bbiakban: Szervez\u0151) nyerem\u00e9nyj\u00e1t\u00e9kot (tov\u00e1bbiakban j\u00e1t\u00e9k vagy nyerem\u00e9nyj\u00e1t\u00e9k) szervez. Jelen nyerem\u00e9nyj\u00e1t\u00e9k szab\u00e1lyzat c\u00e9lja, hogy t\u00e1j\u00e9koztassa a j\u00e1t\u00e9kban r\u00e9szt vev\u0151ket (tov\u00e1bbiakban r\u00e9sztvev\u0151 vagy j\u00e1t\u00e9kos) a j\u00e1t\u00e9k felt\u00e9teleir\u0151l. A szervez\u0151 felh\u00edvja a r\u00e9sztvev\u0151k figyelm\u00e9t, hogy a j\u00e1t\u00e9k nem \u00e1ll kapcsolatban a Facebookkal, azt a Facebook semmilyen m\u00f3don nem t\u00e1mogatja vagy szervezi, \u00edgy a Facebookot a nyerem\u00e9nyj\u00e1t\u00e9kb\u00f3l ered\u0151en, vagy azzal kapcsolatban felel\u0151ss\u00e9g semmilyen tekintetben nem terheli, panaszkezel\u00e9sre nem k\u00f6teles \u00e9s nem is jogosult.&nbsp;<\/p><p>A nyerem\u00e9nyj\u00e1t\u00e9k tartalm\u00e1\u00e9rt kiz\u00e1r\u00f3lag a Szervez\u0151 felel\u0151s. A nyerem\u00e9nyj\u00e1t\u00e9kban val\u00f3 r\u00e9szv\u00e9tel kiz\u00e1r\u00f3lag a jelen szab\u00e1lyzatban foglalt felt\u00e9telekkel lehets\u00e9ges. A nyerem\u00e9nyj\u00e1t\u00e9kban val\u00f3 r\u00e9szv\u00e9tellel a r\u00e9sztvev\u0151k kifejezetten elfogadj\u00e1k a jelen szab\u00e1lyzatban megfogalmazott felt\u00e9teleket.<\/p><ol><li><strong> A j\u00e1t\u00e9k id\u0151tartama<\/strong><\/li><\/ol><p>A j\u00e1t\u00e9k id\u0151tartam\u00e1t a Szervez\u0151 az al\u00e1bbiak szerint hat\u00e1rozza meg:<\/p><p>A nyerem\u00e9nyj\u00e1t\u00e9k a Szervez\u0151 Facebook oldal\u00e1n val\u00f3 meghirdet\u00e9s\u00e9nek pillanat\u00e1ban indul, \u00e9s a ki\u00edrt id\u0151pontban a nyerem\u00e9nyj\u00e1t\u00e9knak v\u00e9ge.<\/p><p><strong>III. A j\u00e1t\u00e9k menete<\/strong><\/p><p>A j\u00e1t\u00e9k a Facebook fel\u00fclet\u00e9n, a Szervez\u0151 Facebook oldal\u00e1n ker\u00fcl meghirdet\u00e9sre. A j\u00e1t\u00e9kban val\u00f3 r\u00e9szv\u00e9tel \u00f6nk\u00e9ntes, a r\u00e9szv\u00e9tel felt\u00e9tele a jelen szab\u00e1lyzat kifejezett elfogad\u00e1sa.&nbsp;<\/p><p>A j\u00e1t\u00e9kban r\u00e9sztvev\u0151k a Unicornis Hotel Facebook oldal\u00e1n elhelyezett poszt l\u00e1jkol\u00e1s\u00e1val \u00e9s megoszt\u00e1s\u00e1val vesznek r\u00e9szt a j\u00e1t\u00e9kban. Az oldal el\u00e9rhet\u0151s\u00e9ge: https:\/\/www.facebook.com\/hotelunicornis&nbsp;<\/p><p>A Szervez\u0151 a j\u00e1t\u00e9k lez\u00e1rt\u00e1t k\u00f6vet\u0151en 1 db nyertest sorsol ki, aki egy p\u00e1ros sz\u00e1ll\u00e1sutalv\u00e1nyt kap az Unicornis Hotelbe.<\/p><p>A Szervez\u0151 fenntartja a jogot, hogy el\u0151zetes \u00e9rtes\u00edt\u00e9s ut\u00e1n a sorsol\u00e1s id\u0151pontj\u00e1t k\u00e9s\u0151bbi id\u0151pontban tartsa meg.&nbsp;<\/p><p>A Szervez\u0151 nem veszi figyelembe azt a J\u00e1t\u00e9kost, aki a felh\u00edv\u00e1sban megjel\u00f6lt poszt l\u00e1jkol\u00e1s\u00e1val egyidej\u0171leg nem osztja meg a posztot.&nbsp;<\/p><p>A J\u00e1t\u00e9kosnak nem \u00e1ll jog\u00e1ban sem a Szervez\u0151 d\u00f6nt\u00e9se ellen fellebbezni, sem b\u00e1rmely, a t\u00f6rl\u00e9ssel kapcsolatos k\u00e1rt\u00e9r\u00edt\u00e9si ig\u00e9nnyel el\u0151\u00e1llni a Szervez\u0151vel szemben.<\/p><p>A j\u00e1t\u00e9kban val\u00f3 r\u00e9szv\u00e9telb\u0151l kiz\u00e1rjuk azokat a j\u00e1t\u00e9kosokat, akik a Facebook regisztr\u00e1ci\u00f3juk sor\u00e1n nem val\u00f3s, vagy nem a saj\u00e1t szem\u00e9lyes adataikat haszn\u00e1lt\u00e1k fel, tov\u00e1bb\u00e1 a j\u00e1t\u00e9kb\u00f3l ki van z\u00e1rva a Szervezo\u030b, a Szervez\u0151 c\u00e9g dolgoz\u00f3i \u00e9s mindezen szem\u00e9lyek k\u00f6zeli hozz\u00e1tartoz\u00f3i.<\/p><p>A j\u00e1t\u00e9kos elfogadja, hogy a j\u00e1t\u00e9kban val\u00f3 r\u00e9szv\u00e9tel sor\u00e1n a Szab\u00e1lyzatban foglaltak b\u00e1rminem\u0171 megszeg\u00e9s\u00e9vel a Szervez\u0151 sz\u00e1m\u00e1ra okozott k\u00e1r\u00e9rt teljes k\u00f6r\u0171 felel\u0151ss\u00e9get v\u00e1llal. A Szervez\u0151 a j\u00e1t\u00e9k el\u00e9rhet\u0151s\u00e9g\u00e9t a Szab\u00e1lyzat megszeg\u00e9se eset\u00e9n b\u00e1rmely j\u00e1t\u00e9kost\u00f3l megvonhatja.<\/p><p>A j\u00e1t\u00e9kos az\u00e1ltal, hogy r\u00e9szt vesz a j\u00e1t\u00e9kban, automatikusan elfogadja az ezen Szab\u00e1lyzatban felsorolt felt\u00e9teleket \u00e9s szab\u00e1lyokat.<\/p><ol><li><strong> A nyertesek kiv\u00e1laszt\u00e1sa<\/strong><\/li><\/ol><p>A nyerem\u00e9nysorsol\u00e1s v\u00e9letlenszer\u0171 kiv\u00e1laszt\u00e1ssal t\u00f6rt\u00e9nik 2 tan\u00fa jelenl\u00e9t\u00e9ben. A sorsol\u00e1s sor\u00e1n egy darab nyertes ker\u00fcl kiv\u00e1laszt\u00e1sra.&nbsp;<\/p><p>A nyertest a sorsol\u00e1st k\u00f6vet\u0151en Facebook oldal\u00e1n tessz\u00fck k\u00f6zz\u00e9, amelynek el\u00e9rhet\u0151s\u00e9ge: https:\/\/www.facebook.com\/hotelunicornis<\/p><p>A nyertesnek a nyerem\u00e9ny \u00e1tv\u00e9tel\u00e9vel kapcsolatos id\u0151pont egyeztet\u00e9shez sz\u00fcks\u00e9ges inform\u00e1ci\u00f3k miatt az Unicornis Hotellel priv\u00e1t \u00fczenetben kell felvennie a kapcsolatot Facebook vagy Messenger alkalmaz\u00e1s haszn\u00e1lat\u00e1val, illetve a I. pontban megadott el\u00e9rhet\u0151s\u00e9gek egyik\u00e9n.<\/p><p>A sorsol\u00e1s id\u0151pontja: a posztban megjel\u00f6lt id\u0151pont.&nbsp;<\/p><ol><li><strong> A nyerem\u00e9ny \u00e1tad\u00e1sa<\/strong><\/li><\/ol><p>A nyerem\u00e9ny a nyertessel val\u00f3 kapcsolatfelv\u00e9telt k\u00f6vet\u0151en ker\u00fcl \u00e1tad\u00e1sra online.<\/p><p>A nyerem\u00e9ny k\u00e9szp\u00e9nzre vagy egy\u00e9b t\u00e1rgyi nyerem\u00e9nyre nem v\u00e1lthat\u00f3 \u00e1t. A Szervez\u0151 nem v\u00e1llal felel\u0151ss\u00e9get a j\u00e1t\u00e9kban t\u00e9vesen vagy hib\u00e1san megadott adatokkal okozott k\u00f6vetkezm\u00e9nyek\u00e9rt. A vulg\u00e1ris vagy s\u00e9rt\u0151 kifejez\u00e9sek haszn\u00e1lata a Facebook poszthoz f\u0171z\u00f6tt kommentekben a nyerem\u00e9nyre val\u00f3 jogosults\u00e1g automatikus elveszt\u00e9s\u00e9t vonja maga ut\u00e1n. A nyerem\u00e9ny \u00e1t nem v\u00e9tele a nyertest k\u00e1rt\u00e9r\u00edt\u00e9sre nem jogos\u00edtja.<\/p><p>A Szervez\u0151 nem v\u00e1llal felel\u0151ss\u00e9get az\u00e9rt, ha rajta k\u00edv\u00fcl \u00e1ll\u00f3 okok miatt (pl. rosszul megadott adat, nem val\u00f3s Facebook profil), t\u00f6bbsz\u00f6ri pr\u00f3b\u00e1lkoz\u00e1s ellen\u00e9re sem siker\u00fcl felvennie a kapcsolatot a nyertessel.&nbsp;<\/p><ol><li><strong> R\u00e9szv\u00e9teli jogosults\u00e1g<\/strong><\/li><\/ol><p>A nyerem\u00e9nyj\u00e1t\u00e9kban r\u00e9szt vehet minden szab\u00e1lyszer\u0171en l\u00e9trehozott Facebook fi\u00f3k. A r\u00e9szv\u00e9telre jogosultak kil\u00e9t\u00e9t a Szervez\u0151 nem vizsg\u00e1lja. A j\u00e1t\u00e9k nyertese kiz\u00e1r\u00f3lag az a r\u00e9szv\u00e9telre jogosult term\u00e9szetes szem\u00e9ly lehet, aki Magyarorsz\u00e1gon lakc\u00edmmel rendelkezik.<\/p><p>Amennyiben a nyertes korl\u00e1tozottan cselekv\u0151k\u00e9pes, a nyerem\u00e9ny \u00e1tv\u00e9tel\u00e9re a t\u00f6rv\u00e9nyes k\u00e9pvisel\u0151j\u00e9vel \/gondnok\u00e1val egy\u00fctt \u2013 ill. a t\u00f6rv\u00e9nyes felt\u00e9telek szerint a t\u00f6rv\u00e9nyes k\u00e9pvisel\u0151 \/ gondnok egyed\u00fcl \u2013 jogosult. A nyerem\u00e9nyj\u00e1t\u00e9kb\u00f3l ki vannak z\u00e1rva a Szervez\u0151 alkalmazottai, valamint ezen szem\u00e9lyeknek a Ptk. 8:1.\u00a7 pontj\u00e1ban meghat\u00e1rozott hozz\u00e1tartoz\u00f3i.<\/p><p>A r\u00e9szv\u00e9teli felt\u00e9telek megs\u00e9rt\u00e9se eset\u00e9n a Szervez\u0151 fenntartja mag\u00e1nak a jogot arra, hogy az \u00e9rintett szem\u00e9lyt el\u0151zetes \u00e9rtes\u00edt\u00e9s n\u00e9lk\u00fcl kiz\u00e1rja a nyerem\u00e9nyj\u00e1t\u00e9kb\u00f3l. Kiz\u00e1r\u00e1sra ker\u00fclnek azok a szem\u00e9lyek, akik meg nem engedett eszk\u00f6zt haszn\u00e1lnak (pl. hacker programot, v\u00edrust, tr\u00f3jai fal\u00f3 program stb.) vagy m\u00e1s manipul\u00e1ci\u00f3 \u00fatj\u00e1n szereznek jogosulatlan el\u0151nyt. <br>Szint\u00e9n kiz\u00e1rhat\u00f3 a j\u00e1t\u00e9kb\u00f3l az, aki harmadik szem\u00e9ly nev\u00e9ben j\u00e1tszik (a harmadik szem\u00e9ly el\u0151zetes t\u00e1j\u00e9koztat\u00e1sa \u00e9s hozz\u00e1j\u00e1rul\u00e1sa n\u00e9lk\u00fcl). E mellett tilos ig\u00e9nybe venni a j\u00e1t\u00e9k sor\u00e1n nyerem\u00e9nyj\u00e1t\u00e9k-egyes\u00fcleteket, automatiz\u00e1lt szolg\u00e1ltat\u00f3kat, \u00e9s f\u0151leg professzion\u00e1lis nyerem\u00e9nyj\u00e1t\u00e9kszolg\u00e1latokat. A r\u00e9sztvev\u0151k kiz\u00e1r\u00e1s eset\u00e9n a m\u00e1r kisz\u00e1ll\u00edtott nyerem\u00e9nyek visszak\u00f6vetelhet\u0151ek.<\/p><p><strong>VII. Felel\u0151ss\u00e9g kiz\u00e1r\u00e1sa<\/strong><\/p><p>A j\u00e1t\u00e9k el\u00e9rhet\u0151s\u00e9g\u00e9t \u00e9s m\u0171k\u00f6d\u00e9s\u00e9t sz\u00e1mos, a Szervez\u0151 befoly\u00e1s\u00e1n k\u00edv\u00fcl \u00e1ll\u00f3 t\u00e9nyez\u0151 is \u00e9rintheti, ez\u00e9rt a Szervez\u0151 a Facebook folyamatos, zavartalan haszn\u00e1lat\u00e1t nem tudja garant\u00e1lni. A Szervez\u0151 a weboldal m\u0171k\u00f6d\u00e9si, \u00e9s egy\u00e9b hib\u00e1ival kapcsolatos mindennem\u0171 felel\u0151ss\u00e9g\u00e9t kiz\u00e1rja. A Szervez\u0151 nem vonhat\u00f3 felel\u0151ss\u00e9gre technikai zavarok\u00e9rt, p\u00e9ld\u00e1ul elektromos vagy sz\u00e1m\u00edt\u00f3g\u00e9pes h\u00e1l\u00f3zati kimarad\u00e1s\u00e9rt, valamint a j\u00e1t\u00e9kkal kapcsolatba hozhat\u00f3 \u00e9let, testi \u00e9ps\u00e9g \u00e9s\/ vagy eg\u00e9szs\u00e9g s\u00e9relm\u00e9b\u0151l bek\u00f6vetkezett k\u00e1rok\u00e9rt.&nbsp;<\/p><p>A j\u00e1t\u00e9k id\u0151 el\u0151tti befejez\u00e9se kapcs\u00e1n a szervez\u0151 fenntartja a jogot arra, hogy a nyerem\u00e9nyj\u00e1t\u00e9kot b\u00e1rmikor el\u0151zetes bejelent\u00e9s \u00e9s indokl\u00e1s n\u00e9lk\u00fcl megszak\u00edtsa, vagy annak v\u00e9get vessen. A Szervez\u0151 k\u00fcl\u00f6n\u00f6sen abban az esetben \u00e9l ezzel a lehet\u0151s\u00e9ggel, ha technikai okb\u00f3l (pl. v\u00edrus a sz\u00e1m\u00edt\u00f3g\u00e9pes rendszerben, beavatkoz\u00e1s vagy hiba a hardverben vagy szoftverben) vagy jogi okb\u00f3l a j\u00e1t\u00e9k tov\u00e1bbi zavartalan folytat\u00e1sa nem biztos\u00edthat\u00f3. Amennyiben ezt valamely r\u00e9sztvev\u0151 magatart\u00e1sa id\u00e9zte el\u0151, a Szervez\u0151 az adott szem\u00e9lyt\u0151l k\u00f6vetelheti a keletkezett k\u00e1r megt\u00e9r\u00edt\u00e9s\u00e9t.<\/p><p><strong>VIII. Egy\u00e9b rendelkez\u00e9sek<\/strong><\/p><p>A Szervez\u0151 fenntartja tov\u00e1bb\u00e1 a jogot arra, hogy a r\u00e9szv\u00e9teli felt\u00e9teleket b\u00e1rmikor el\u0151zetes bejelent\u00e9s \u00e9s k\u00fcl\u00f6n \u00e9rtes\u00edt\u00e9s n\u00e9lk\u00fcl megv\u00e1ltoztassa, amennyiben ez jogi vagy objekt\u00edv okokb\u00f3l sz\u00fcks\u00e9ges.&nbsp;<\/p><p>A Szervez\u0151 tov\u00e1bb\u00e1 felh\u00edvja a j\u00e1t\u00e9kos figyelm\u00e9t, hogy az \u00e1ltala esetlegesen k\u00f6zz\u00e9tett poszt \u00e9s k\u00e9p tartalm\u00e1\u00e9rt a teljes k\u00f6r\u0171 felel\u0151ss\u00e9g a j\u00e1t\u00e9kost terheli. A Szervez\u0151 kiz\u00e1r minden j\u00e1t\u00e9kost, aki \u00e1ltal felt\u00f6lt\u00f6tt poszt, k\u00e9p nem felel meg a hat\u00e1lyos jogi- \u00e9s rekl\u00e1metikai szab\u00e1lyoknak, vagy s\u00e9rti harmadik szem\u00e9lyek jogait, vagy jogos \u00e9rdek\u00e9t.<\/p><p>A Szervez\u0151 viseli a nyerem\u00e9ny \u00e1tad\u00e1s\u00e1val \u00e9s \u00e1tv\u00e9tel\u00e9vel kapcsolatos valamennyi k\u00f6zterhet, ide\u00e9rtve a jogszab\u00e1ly alapj\u00e1n egy\u00e9bk\u00e9nt k\u00f6zvetlen\u00fcl a nyertes \u00e1ltal bevalland\u00f3 \u00e9s fizetend\u0151 k\u00f6zterhet is. Amennyiben a jelen rendelkez\u00e9sek egyes r\u00e9szei \u00e9rv\u00e9nytelenek, vagy \u00e9rv\u00e9nytelenn\u00e9 v\u00e1lnak, ez a k\u00f6r\u00fclm\u00e9ny a t\u00f6bbi rendelkez\u00e9s \u00e9rv\u00e9nyess\u00e9g\u00e9t nem \u00e9rinti. Ezek hely\u00e9be egy jogilag megfelel\u0151 szab\u00e1lyoz\u00e1s l\u00e9p, amely az \u00e9rv\u00e9nytelen rendelkez\u00e9sek c\u00e9lj\u00e1nak legink\u00e1bb megfelel.<\/p><ol><li><strong> Adatkezel\u00e9si szab\u00e1lyok<\/strong><\/li><\/ol><p>A R\u00e9sztvev\u0151 szem\u00e9lyes adataival kapcsolatos adatszolg\u00e1ltat\u00e1sa mindenkor \u00f6nk\u00e9ntes hozz\u00e1j\u00e1rul\u00e1son alapszik.&nbsp;<\/p><p>A j\u00e1t\u00e9k sor\u00e1n a j\u00e1t\u00e9kos \u00e1ltal megadott adatokat a Szervez\u0151 kiz\u00e1r\u00f3lag a j\u00e1t\u00e9k lebonyol\u00edt\u00e1sa c\u00e9lj\u00e1b\u00f3l kezeli, t\u00e1rolja, azokat a j\u00e1t\u00e9k lez\u00e1rult\u00e1t k\u00f6vet\u0151en \u2013 kiv\u00e9ve a jogszab\u00e1lyok \u00e1ltal el\u0151\u00edrt adatkezel\u00e9s eseteit, mint pl. nyerem\u00e9nyek ut\u00e1ni ad\u00f3- \u00e9s j\u00e1rul\u00e9kfizet\u00e9s \u2013 90 nappal t\u00f6rli.&nbsp;<\/p><p>Az adatgy\u0171jt\u00e9s c\u00e9lja a nyerem\u00e9nyj\u00e1t\u00e9kban \u00e9s a sorsol\u00e1son val\u00f3 r\u00e9szv\u00e9tel. A j\u00e1t\u00e9kos t\u00e9ves adatszolg\u00e1ltat\u00e1s\u00e1b\u00f3l ered\u0151en a Szervez\u0151t felel\u0151ss\u00e9g nem terheli.&nbsp;<\/p><p>A nyertesek hozz\u00e1j\u00e1rulnak ahhoz, hogy a sorsol\u00e1st k\u00f6vet\u0151en teljes nev\u00fck a Szervez\u0151 hivatalos Facebook oldal\u00e1n k\u00f6zz\u00e9t\u00e9telre ker\u00fclj\u00f6n. Ezen hozz\u00e1j\u00e1rul\u00e1s nem felt\u00e9tele a nyerem\u00e9ny \u00e1tad\u00e1s\u00e1nak.<\/p><p>A Szem\u00e9lyes adatok kezel\u0151je Rom\u00e1n P\u00e9ter, aki a j\u00e1t\u00e9k lebonyol\u00edt\u00e1sa c\u00e9lj\u00e1b\u00f3l nem vesz ig\u00e9nybe adatfeldolgoz\u00f3t.&nbsp;<\/p><p>A j\u00e1t\u00e9kos a t\u00e1j\u00e9koztat\u00e1shoz, adatainak t\u00f6rl\u00e9s\u00e9hez, helyesb\u00edt\u00e9s\u00e9hez, az adatai kezel\u00e9se elleni tiltakoz\u00e1shoz \u00e9s a kezelt adatok korl\u00e1toz\u00e1s\u00e1hoz val\u00f3 jog\u00e1t a vonatkoz\u00f3 jogszab\u00e1lyi rendelkez\u00e9sek szerint gyakorolhatja. A j\u00e1t\u00e9kos az adataival kapcsolatos hozz\u00e1j\u00e1rul\u00e1s\u00e1t b\u00e1rmikor visszavonhatja az I. pontban megadott el\u00e9rhet\u0151s\u00e9gek valamelyik\u00e9n. A j\u00e1t\u00e9kos az adatkezel\u00e9ssel \u00f6sszef\u00fcgg\u0151 panaszok, illetve jogainak megs\u00e9rt\u00e9se eset\u00e9n jogosult a Nemzeti Adatv\u00e9delmi \u00e9s Inform\u00e1ci\u00f3szabads\u00e1g Hat\u00f3s\u00e1g vizsg\u00e1lat\u00e1t kezdem\u00e9nyezni, illetve b\u00edr\u00f3s\u00e1ghoz fordulni.<\/p><p>A Szervez\u0151 az adatkezel\u00e9s sor\u00e1n a vonatkoz\u00f3 jogszab\u00e1lyi el\u0151\u00edr\u00e1sok betart\u00e1s\u00e1val j\u00e1r el. A Szervez\u0151 gondoskodik a j\u00e1t\u00e9kosok szem\u00e9lyes adatainak biztons\u00e1g\u00e1r\u00f3l \u00e9s megteszi azokat a technikai \u00e9s szervez\u00e9si int\u00e9zked\u00e9seket, valamint kialak\u00edtja azokat az elj\u00e1r\u00e1si szab\u00e1lyokat, amelyek a j\u00e1t\u00e9kosok szem\u00e9lyes adatai megfelel\u0151 v\u00e9delm\u00e9nek biztos\u00edt\u00e1s\u00e1hoz sz\u00fcks\u00e9gesek. Az adatkezel\u0151 a szem\u00e9lyes adatokat bizalmasan kezeli. Adatkezel\u00e9si alapelvei \u00f6sszhangban vannak az adatv\u00e9delemmel kapcsolatos hat\u00e1lyos jogszab\u00e1lyokkal.<\/p><p>Tekintettel, hogy az adatkezel\u00e9s hozz\u00e1j\u00e1rul\u00e1son alapul, a j\u00e1t\u00e9kos a m\u00e1r megval\u00f3sult adatkezel\u00e9s jogszer\u0171s\u00e9g\u00e9nek megk\u00e9rd\u0151jelez\u00e9se n\u00e9lk\u00fcl a j\u00f6v\u0151re n\u00e9zve a hozz\u00e1j\u00e1rul\u00e1st b\u00e1rmikor visszavonhatja. A j\u00e1t\u00e9kos tudom\u00e1sul veszi, hogy a j\u00e1t\u00e9kb\u00f3l val\u00f3 kiz\u00e1r\u00e1shoz vezet, ha a j\u00e1t\u00e9k lebonyol\u00edt\u00e1s\u00e1hoz sz\u00fcks\u00e9ges adatok t\u00f6rl\u00e9s\u00e9t a nyerem\u00e9ny \u00e1tad\u00e1sa el\u0151tt k\u00e9relmezi. A visszavon\u00e1st a j\u00e1t\u00e9kos megteheti az I. pontban megadott el\u00e9rhet\u0151s\u00e9gek b\u00e1rmelyik\u00e9n. A hozz\u00e1j\u00e1rul\u00e1s visszavon\u00e1sakor a pontosabb beazonos\u00edt\u00e1s \u00e9rdek\u00e9ben a j\u00e1t\u00e9kban sor\u00e1n haszn\u00e1lt adatok (pl. Facebook profil megnevez\u00e9se) k\u00f6zl\u00e9se k\u00f6telez\u0151. Szint\u00e9n a fenti el\u00e9rhet\u0151s\u00e9geken k\u00e9rhet\u0151 az adatok helyesb\u00edt\u00e9sek, kieg\u00e9sz\u00edt\u00e9se, vagy tilthat\u00f3 meg azok tov\u00e1bbi kezel\u00e9se.&nbsp;<\/p><p>A Szervez\u0151 \u00e1ltal\u00e1nos adatkezel\u00e9si t\u00e1j\u00e9koztat\u00f3ja a c\u00edmen \u00e9rhet\u0151 el \u00e9s ismerhet\u0151 meg: https:\/\/hotelunicornis.hu\/web\/adatkezeles\/<\/p><p>Eger, 2023. december 13.<\/p><\/div><\/div><\/div><\/div><\/div><\/div><\/div><\/div>\n","protected":false},"excerpt":{"rendered":"<p>Unicornis Hotel\u2013 Nyerem\u00e9nyj\u00e1t\u00e9k szab\u00e1lyzat\u00c9rv\u00e9nyes 2023. december 13-t\u00f3l A nyerem\u00e9nyj\u00e1t\u00e9k szervez\u0151jeN\u00e9v: Sz\u00e9kely Sas KftEl\u00e9rhet\u0151s\u00e9g: 3300 Eger, Dr. Hibay K\u00e1roly utca 2.E-mail:info@hotelunicornis.huTelefon: +36-70-634-2929Az Unicornis Hotel (tov\u00e1bbiakban: Szervez\u0151) nyerem\u00e9nyj\u00e1t\u00e9kot (tov\u00e1bbiakban j\u00e1t\u00e9k vagy nyerem\u00e9nyj\u00e1t\u00e9k) szervez. Jelen nyerem\u00e9nyj\u00e1t\u00e9k szab\u00e1lyzat c\u00e9lja, hogy t\u00e1j\u00e9koztassa a j\u00e1t\u00e9kban r\u00e9szt vev\u0151ket (tov\u00e1bbiakban r\u00e9sztvev\u0151 vagy j\u00e1t\u00e9kos) a j\u00e1t\u00e9k felt\u00e9teleir\u0151l. A szervez\u0151 felh\u00edvja a r\u00e9sztvev\u0151k figyelm\u00e9t, hogy [&hellip;]<\/p>\n","protected":false},"author":4,"featured_media":0,"parent":0,"menu_order":0,"comment_status":"closed","ping_status":"closed","template":"","meta":{"_exactmetrics_skip_tracking":false,"_exactmetrics_sitenote_active":false,"_exactmetrics_sitenote_note":"","_exactmetrics_sitenote_category":0,"site-sidebar-layout":"default","site-content-layout":"","ast-site-content-layout":"default","site-content-style":"default","site-sidebar-style":"default","ast-global-header-display":"","ast-banner-title-visibility":"","ast-main-header-display":"","ast-hfb-above-header-display":"","ast-hfb-below-header-display":"","ast-hfb-mobile-header-display":"","site-post-title":"","ast-breadcrumbs-content":"","ast-featured-img":"","footer-sml-layout":"","ast-disable-related-posts":"","theme-transparent-header-meta":"","adv-header-id-meta":"","stick-header-meta":"","header-above-stick-meta":"","header-main-stick-meta":"","header-below-stick-meta":"","astra-migrate-meta-layouts":"set","ast-page-background-enabled":"default","ast-page-background-meta":{"desktop":{"background-color":"var(--ast-global-color-4)","background-image":"","background-repeat":"repeat","background-position":"center center","background-size":"auto","background-attachment":"scroll","background-type":"","background-media":"","overlay-type":"","overlay-color":"","overlay-opacity":"","overlay-gradient":""},"tablet":{"background-color":"","background-image":"","background-repeat":"repeat","background-position":"center center","background-size":"auto","background-attachment":"scroll","background-type":"","background-media":"","overlay-type":"","overlay-color":"","overlay-opacity":"","overlay-gradient":""},"mobile":{"background-color":"","background-image":"","background-repeat":"repeat","background-position":"center center","background-size":"auto","background-attachment":"scroll","background-type":"","background-media":"","overlay-type":"","overlay-color":"","overlay-opacity":"","overlay-gradient":""}},"ast-content-background-meta":{"desktop":{"background-color":"var(--ast-global-color-5)","background-image":"","background-repeat":"repeat","background-position":"center center","background-size":"auto","background-attachment":"scroll","background-type":"","background-media":"","overlay-type":"","overlay-color":"","overlay-opacity":"","overlay-gradient":""},"tablet":{"background-color":"var(--ast-global-color-5)","background-image":"","background-repeat":"repeat","background-position":"center center","background-size":"auto","background-attachment":"scroll","background-type":"","background-media":"","overlay-type":"","overlay-color":"","overlay-opacity":"","overlay-gradient":""},"mobile":{"background-color":"var(--ast-global-color-5)","background-image":"","background-repeat":"repeat","background-position":"center center","background-size":"auto","background-attachment":"scroll","background-type":"","background-media":"","overlay-type":"","overlay-color":"","overlay-opacity":"","overlay-gradient":""}},"footnotes":""},"class_list":["post-2835","page","type-page","status-publish","hentry"],"_links":{"self":[{"href":"https:\/\/hotelunicornis.hu\/web\/wp-json\/wp\/v2\/pages\/2835","targetHints":{"allow":["GET"]}}],"collection":[{"href":"https:\/\/hotelunicornis.hu\/web\/wp-json\/wp\/v2\/pages"}],"about":[{"href":"https:\/\/hotelunicornis.hu\/web\/wp-json\/wp\/v2\/types\/page"}],"author":[{"embeddable":true,"href":"https:\/\/hotelunicornis.hu\/web\/wp-json\/wp\/v2\/users\/4"}],"replies":[{"embeddable":true,"href":"https:\/\/hotelunicornis.hu\/web\/wp-json\/wp\/v2\/comments?post=2835"}],"version-history":[{"count":2,"href":"https:\/\/hotelunicornis.hu\/web\/wp-json\/wp\/v2\/pages\/2835\/revisions"}],"predecessor-version":[{"id":2837,"href":"https:\/\/hotelunicornis.hu\/web\/wp-json\/wp\/v2\/pages\/2835\/revisions\/2837"}],"wp:attachment":[{"href":"https:\/\/hotelunicornis.hu\/web\/wp-json\/wp\/v2\/media?parent=2835"}],"curies":[{"name":"wp","href":"https:\/\/api.w.org\/{rel}","templated":true}]}}