{"id":46,"date":"2018-07-02T13:36:49","date_gmt":"2018-07-02T13:36:49","guid":{"rendered":"https:\/\/hotelunicornis.hu\/web\/?page_id=46"},"modified":"2023-09-04T11:32:01","modified_gmt":"2023-09-04T09:32:01","slug":"catering-szolgaltatas-partiszerviz","status":"publish","type":"page","link":"https:\/\/hotelunicornis.hu\/web\/catering-szolgaltatas-partiszerviz\/","title":{"rendered":"CATERING SZOLG\u00c1LTAT\u00c1S &#038; PARTISZERVIZ"},"content":{"rendered":"<div class=\"vce-row-container\" data-vce-boxed-width=\"true\"><div class=\"vce-row vce-row--col-gap-30 vce-row-equal-height vce-row-content--top\" id=\"el-5c20967c\" data-vce-do-apply=\"all el-5c20967c\"><div class=\"vce-row-content\" data-vce-element-content=\"true\"><div class=\"vce-col vce-col--md-auto vce-col--xs-1 vce-col--xs-last vce-col--xs-first vce-col--sm-last vce-col--sm-first vce-col--md-last vce-col--lg-last vce-col--xl-last vce-col--md-first vce-col--lg-first vce-col--xl-first\" id=\"el-5d042683\"><div class=\"vce-col-inner\" data-vce-do-apply=\"border margin background  el-5d042683\"><div class=\"vce-col-content\" data-vce-element-content=\"true\" data-vce-do-apply=\"padding el-5d042683\"><div class=\"vce-row-container\" data-vce-boxed-width=\"true\"><div class=\"vce-row vce-row--col-gap-30 vce-row-equal-height vce-row-content--top\" id=\"el-bad3bd98\" data-vce-do-apply=\"all el-bad3bd98\"><div class=\"vce-row-content\" data-vce-element-content=\"true\"><div class=\"vce-col vce-col--md-auto vce-col--xs-1 vce-col--xs-last vce-col--xs-first vce-col--sm-last vce-col--sm-first vce-col--md-last vce-col--lg-last vce-col--xl-last vce-col--md-first vce-col--lg-first vce-col--xl-first\" id=\"el-9a956672\"><div class=\"vce-col-inner\" data-vce-do-apply=\"border margin background  el-9a956672\"><div class=\"vce-col-content\" data-vce-element-content=\"true\" data-vce-do-apply=\"padding el-9a956672\"><div class=\"vce-simple-image-slider\" style=\"--backgroundPosition:center center; --pointerColor:#fff; --pointerColorHover:#fd9a00;\"><div class=\"vce-simple-image-slider-wrapper vce\" id=\"el-376f3302\" data-vce-do-apply=\"all el-376f3302\"><div class=\"vce-simple-image-slider-helper vce-simple-image-slider-aspect-ratio--custom\" style=\"padding-top: 31.25%;\"><div class=\"vce-simple-image-slider-list\" data-slick-autoplay=\"on\" data-slick-autoplay-delay=\"5000\" data-slick-effect=\"slideIn\" data-slick-dots=\"on\" data-slick-arrows=\"off\"><div class=\"slick-list\"><div class=\"slick-track\"><div class=\"vce-simple-image-slider-item vc-slick-item\"><div style=\"background-image:inherit\" class=\"vce-simple-image-slider-img vce-simple-image-slider-img--scale lazyload\" data-bg-image=\"url(https:\/\/hotelunicornis.hu\/web\/wp-content\/uploads\/2023\/02\/Hotel-Unicornis-szolgaltatasok-16.jpeg)\"><img decoding=\"async\" data-src=\"https:\/\/hotelunicornis.hu\/web\/wp-content\/uploads\/2023\/02\/Hotel-Unicornis-szolgaltatasok-16.jpeg\" style=\"--smush-placeholder-width: 1280px; --smush-placeholder-aspect-ratio: 1280\/854;opacity:0\" alt=\"\" src=\"data:image\/svg+xml;base64,PHN2ZyB3aWR0aD0iMSIgaGVpZ2h0PSIxIiB4bWxucz0iaHR0cDovL3d3dy53My5vcmcvMjAwMC9zdmciPjwvc3ZnPg==\" class=\"lazyload\"><\/div><\/div><div class=\"vce-simple-image-slider-item vc-slick-item\"><div style=\"background-image:inherit\" class=\"vce-simple-image-slider-img vce-simple-image-slider-img--scale lazyload\" data-bg-image=\"url(https:\/\/hotelunicornis.hu\/web\/wp-content\/uploads\/2023\/02\/Hotel-Unicornis-szolgaltatasok-14.jpeg)\"><img decoding=\"async\" data-src=\"https:\/\/hotelunicornis.hu\/web\/wp-content\/uploads\/2023\/02\/Hotel-Unicornis-szolgaltatasok-14.jpeg\" style=\"--smush-placeholder-width: 1280px; --smush-placeholder-aspect-ratio: 1280\/853;opacity:0\" alt=\"\" src=\"data:image\/svg+xml;base64,PHN2ZyB3aWR0aD0iMSIgaGVpZ2h0PSIxIiB4bWxucz0iaHR0cDovL3d3dy53My5vcmcvMjAwMC9zdmciPjwvc3ZnPg==\" class=\"lazyload\"><\/div><\/div><div class=\"vce-simple-image-slider-item vc-slick-item\"><div style=\"background-image:inherit\" class=\"vce-simple-image-slider-img vce-simple-image-slider-img--scale lazyload\" data-bg-image=\"url(https:\/\/hotelunicornis.hu\/web\/wp-content\/uploads\/2023\/02\/Hotel-Unicornis-szolgaltatasok-12.jpeg)\"><img decoding=\"async\" data-src=\"https:\/\/hotelunicornis.hu\/web\/wp-content\/uploads\/2023\/02\/Hotel-Unicornis-szolgaltatasok-12.jpeg\" style=\"--smush-placeholder-width: 1280px; --smush-placeholder-aspect-ratio: 1280\/853;opacity:0\" alt=\"\" src=\"data:image\/svg+xml;base64,PHN2ZyB3aWR0aD0iMSIgaGVpZ2h0PSIxIiB4bWxucz0iaHR0cDovL3d3dy53My5vcmcvMjAwMC9zdmciPjwvc3ZnPg==\" class=\"lazyload\"><\/div><\/div><\/div><\/div><\/div><div class=\"vce-simple-image-slider-dots\"><\/div><\/div><\/div><\/div><\/div><\/div><\/div><\/div><\/div><\/div><div class=\"vce-text-block\"><div class=\"vce-text-block-wrapper vce\" id=\"el-efb4f0ed\" data-vce-do-apply=\"all el-efb4f0ed\"><h1 style=\"text-align: center;\"><strong><span style=\"font-family: 'Cinzel Decorative';\">Partiszerviz rendel\u00e9s m\u00e1r 30 f\u00f6t\u00f6l!<\/span><\/strong><\/h1><h2 style=\"text-align: center;\"><span style=\"font-family: 'Abhaya Libre';\"><strong>V\u00e1llaljuk c\u00e9ges rendezv\u00e9nyek, priv\u00e1t rendezv\u00e9nyek \u00e9s esk\u00fcv\u0151k teljes k\u00f6r\u0171 catering vend\u00e9gl\u00e1t\u00e1s kivitelez\u00e9s\u00e9t.<\/strong><\/span><\/h2><p>&nbsp;<\/p><\/div><\/div><div class=\"vce-image-gallery vce-image-gallery--gap-10 vce-image-gallery--columns-3\"><div class=\"vce-image-gallery-wrapper vce\" id=\"el-542b6795\" data-vce-do-apply=\"all el-542b6795\"><div class=\"vce-image-gallery-list\"><div class=\"vce-image-gallery-item\"><figure class=\"vce-image-gallery-item-inner-wrapper\"><a href=\"https:\/\/hotelunicornis.hu\/web\/wp-content\/uploads\/2023\/02\/Hotel-Unicornis-szolgaltatasok-26.jpeg\" data-lightbox=\"lightbox-542b6795\" class=\"vce-image-gallery-item-inner\"><img decoding=\"async\" class=\"vce-image-gallery-img lazyload\" data-src=\"https:\/\/hotelunicornis.hu\/web\/wp-content\/uploads\/2023\/02\/Hotel-Unicornis-szolgaltatasok-26-1024x678.jpeg\" alt=\"\" title=\"Hotel-Unicornis-szolga\u0301ltata\u0301sok-26\" src=\"data:image\/svg+xml;base64,PHN2ZyB3aWR0aD0iMSIgaGVpZ2h0PSIxIiB4bWxucz0iaHR0cDovL3d3dy53My5vcmcvMjAwMC9zdmciPjwvc3ZnPg==\" style=\"--smush-placeholder-width: 1024px; --smush-placeholder-aspect-ratio: 1024\/678;\"><\/a><\/figure><\/div><div class=\"vce-image-gallery-item\"><figure class=\"vce-image-gallery-item-inner-wrapper\"><a href=\"https:\/\/hotelunicornis.hu\/web\/wp-content\/uploads\/2023\/02\/Hotel-Unicornis-szolgaltatasok-18.jpeg\" data-lightbox=\"lightbox-542b6795\" class=\"vce-image-gallery-item-inner\"><img decoding=\"async\" class=\"vce-image-gallery-img lazyload\" data-src=\"https:\/\/hotelunicornis.hu\/web\/wp-content\/uploads\/2023\/02\/Hotel-Unicornis-szolgaltatasok-18-1024x682.jpeg\" alt=\"\" title=\"Hotel-Unicornis-szolga\u0301ltata\u0301sok-18\" src=\"data:image\/svg+xml;base64,PHN2ZyB3aWR0aD0iMSIgaGVpZ2h0PSIxIiB4bWxucz0iaHR0cDovL3d3dy53My5vcmcvMjAwMC9zdmciPjwvc3ZnPg==\" style=\"--smush-placeholder-width: 1024px; --smush-placeholder-aspect-ratio: 1024\/682;\"><\/a><\/figure><\/div><div class=\"vce-image-gallery-item\"><figure class=\"vce-image-gallery-item-inner-wrapper\"><a href=\"https:\/\/hotelunicornis.hu\/web\/wp-content\/uploads\/2023\/02\/Hotel-Unicornis-szolgaltatasok-10.jpeg\" data-lightbox=\"lightbox-542b6795\" class=\"vce-image-gallery-item-inner\"><img decoding=\"async\" class=\"vce-image-gallery-img lazyload\" data-src=\"https:\/\/hotelunicornis.hu\/web\/wp-content\/uploads\/2023\/02\/Hotel-Unicornis-szolgaltatasok-10-1024x682.jpeg\" alt=\"\" title=\"Hotel-Unicornis-szolga\u0301ltata\u0301sok-10\" src=\"data:image\/svg+xml;base64,PHN2ZyB3aWR0aD0iMSIgaGVpZ2h0PSIxIiB4bWxucz0iaHR0cDovL3d3dy53My5vcmcvMjAwMC9zdmciPjwvc3ZnPg==\" style=\"--smush-placeholder-width: 1024px; --smush-placeholder-aspect-ratio: 1024\/682;\"><\/a><\/figure><\/div><\/div><\/div><\/div><div class=\"vce-text-block\"><div class=\"vce-text-block-wrapper vce\" id=\"el-0cc9dee7\" data-vce-do-apply=\"all el-0cc9dee7\"><h2 style=\"text-align: center;\"><span style=\"font-family: 'Abhaya Libre';\">HIDEGB\u00dcF\u00c9 \u2013 MELEG B\u00dcF\u00c9 \u2013 \u00c1LL\u00d3FOGAD\u00c1S \u2013 G\u00c1LAVACSORA<\/span><br><span style=\"font-family: 'Abhaya Libre';\">TELJES K\u00d6R\u0170 PARTISZERVIZ<\/span><\/h2><p><span style=\"font-family: 'Abhaya Libre'; font-size: 14pt;\">A partiszerviz (party service) szolg\u00e1ltat\u00e1s megrendelhet\u0151 c\u00e9ges rendezv\u00e9nyekre, \u00fczleti rendezv\u00e9nyekre, konferenci\u00e1kra, partnertal\u00e1lkoz\u00f3kra, priv\u00e1t rendezv\u00e9nyekre, esk\u00fcv\u0151re Egeren bel\u00fcli \u00e9s Eger ter\u00fclet\u00e9n k\u00edv\u00fcli helysz\u00ednekre egyar\u00e1nt.<\/span><\/p><p><span style=\"font-family: 'Abhaya Libre'; font-size: 14pt;\">A teljes k\u00f6r\u0171 catering partiszerviz tartalmazza a vend\u00e9gl\u00e1t\u00e1s kitelep\u00fcl\u00e9s\u00e9hez tartoz\u00f3 eszk\u00f6zparkot (asztalok, sz\u00e9kek, sz\u00e9khuzatok, sz\u00e9kselymek, ter\u00edt\u0151k, ig\u00e9ny szerinti d\u00edsz\u00edt\u00e9s) \u00e9s az \u00e9tkeztet\u00e9shez sz\u00fcks\u00e9ges \u00f6sszes eszk\u00f6zt, valamint a megrendelt \u00e9teleket \u00e9s italokat. Egyedi elk\u00e9pzel\u00e9sek, speci\u00e1lis ig\u00e9nyek, veget\u00e1ri\u00e1nus men\u00fc \u00e9s \u00fcnnepi men\u00fcsor \u00f6ssze\u00e1ll\u00edt\u00e1s\u00e1t is v\u00e1llaljuk.<\/span><\/p><h2 style=\"text-align: center;\"><span style=\"font-family: 'Abhaya Libre';\">T\u00c1NY\u00c9RSZERVIZ \u2013 GRILL PARTI \u2013 SUSHI B\u00c1R \u2013 KOKT\u00c9LB\u00c1R<\/span><br><span style=\"font-family: 'Abhaya Libre';\">SV\u00c9DASZTALOS VEND\u00c9GL\u00c1T\u00c1S<\/span><\/h2><p><span style=\"font-family: 'Abhaya Libre'; font-size: 14pt;\">A rendezv\u00e9ny ig\u00e9ny\u00e9hez alkalmazkodva \u00f6ssze\u00e1ll\u00edtjuk men\u00fcaj\u00e1nlatainkat.<\/span><\/p><p><span style=\"font-family: 'Abhaya Libre'; font-size: 14pt;\">A partiszerviz (party service) szolg\u00e1ltat\u00e1s megrendelhet\u0151 c\u00e9ges rendezv\u00e9nyekre, \u00fczleti rendezv\u00e9nyekre, konferenci\u00e1kra, partnertal\u00e1lkoz\u00f3kra, priv\u00e1t rendezv\u00e9nyekre, esk\u00fcv\u0151re Egeren bel\u00fcli \u00e9s Eger ter\u00fclet\u00e9n k\u00edv\u00fcli helysz\u00ednekre egyar\u00e1nt.<\/span><\/p><p><span style=\"font-family: 'Abhaya Libre'; font-size: 14pt;\">Az \u00e9tkeztet\u00e9s lehet sv\u00e9dasztalos b\u00fcf\u00e9 \u00e9tkez\u00e9s, vagy felszolg\u00e1lt t\u00e1ny\u00e9rszervizes, illetve ezek kombin\u00e1ci\u00f3ja. G\u00e1lavacsora rendel\u00e9se eset\u00e9n a d\u00edsz\u00e9tkez\u00e9shez biztos\u00edtjuk a teljes \u00fcnnepi d\u00edsz\u00edt\u00e9st \u00e9s t\u00e1lal\u00e1st.<\/span><\/p><p><span style=\"font-family: 'Abhaya Libre'; font-size: 14pt;\">Grill parti rendel\u00e9se eset\u00e9n a grillezett \u00e9teleket a rendezv\u00e9ny helysz\u00edn\u00e9n frissen k\u00e9sz\u00edtj\u00fck. Men\u00fc k\u00edn\u00e1latunk tartalmazza a nemzetk\u00f6zi konyha \u00e9s magyar konyha \u00e9teleit egyar\u00e1nt, illetve \u00e9telk\u00fcl\u00f6nlegess\u00e9geket is elk\u00e9sz\u00edt\u00fcnk.<\/span><\/p><p><span style=\"font-family: 'Abhaya Libre'; font-size: 14pt;\">Sushi b\u00e1r, hidegt\u00e1l, sal\u00e1tab\u00e1r, grill parti, cukr\u00e1szati k\u00e9sz\u00edtm\u00e9nyek, gy\u00fcm\u00f6lcskos\u00e1r, csoki sz\u00f6k\u0151k\u00fat \u00e9s kokt\u00e9lb\u00e1r ig\u00e9ny szerint rendelhet\u0151.<\/span><\/p><p><span style=\"font-family: 'Abhaya Libre'; font-size: 14pt;\">A catering szolg\u00e1ltat\u00e1s \u00e9s party service szolg\u00e1ltat\u00e1s r\u00e9szleteivel, tov\u00e1bbi inform\u00e1ci\u00f3kkal kapcsolatban \u00e9rdekl\u0151dni lehet email-ben, illetve telefonon h\u00e9tk\u00f6znap 8h-16h k\u00f6z\u00f6tt szem\u00e9lyesen!<\/span><\/p><\/div><\/div><\/div><\/div><\/div><\/div><\/div><\/div><div class=\"vce-row-container\" data-vce-boxed-width=\"true\"><div class=\"vce-row vce-row--col-gap-30 vce-row-equal-height vce-row-content--top\" id=\"el-20181236\" data-vce-do-apply=\"all el-20181236\"><div class=\"vce-row-content\" data-vce-element-content=\"true\"><div class=\"vce-col vce-col--md-auto vce-col--xs-1 vce-col--xs-last vce-col--xs-first vce-col--sm-last vce-col--sm-first vce-col--md-last vce-col--lg-last vce-col--xl-last vce-col--md-first vce-col--lg-first vce-col--xl-first\" id=\"el-0832079e\"><div class=\"vce-col-inner\" data-vce-do-apply=\"border margin background  el-0832079e\"><div class=\"vce-col-content\" data-vce-element-content=\"true\" data-vce-do-apply=\"padding el-0832079e\"><div class=\"vce-button--style-basic-container vce-button--style-basic-container--align-center\"><span class=\"vce-button--style-basic-wrapper vce\" id=\"el-478897c4\" data-vce-do-apply=\"margin el-478897c4\"><a class=\"vce-button vce-button--style-basic vce-button--style-basic--border-rounded vce-button--style-basic--size-medium vce-button--style-basic--color-b-53-83-128--fff\" href=\"https:\/\/hotelunicornis.hu\/web\/ajanlatkeres-2\/\" title=\"\" data-vce-do-apply=\"padding border background  el-478897c4\">Aj\u00e1nlatk\u00e9r\u00e9s<\/a><\/span><\/div><\/div><\/div><\/div><\/div><\/div><\/div>\n","protected":false},"excerpt":{"rendered":"<p>Partiszerviz rendel\u00e9s m\u00e1r 30 f\u00f6t\u00f6l!V\u00e1llaljuk c\u00e9ges rendezv\u00e9nyek, priv\u00e1t rendezv\u00e9nyek \u00e9s esk\u00fcv\u0151k teljes k\u00f6r\u0171 catering vend\u00e9gl\u00e1t\u00e1s kivitelez\u00e9s\u00e9t.&nbsp;HIDEGB\u00dcF\u00c9 \u2013 MELEG B\u00dcF\u00c9 \u2013 \u00c1LL\u00d3FOGAD\u00c1S \u2013 G\u00c1LAVACSORATELJES K\u00d6R\u0170 PARTISZERVIZA partiszerviz (party service) szolg\u00e1ltat\u00e1s megrendelhet\u0151 c\u00e9ges rendezv\u00e9nyekre, \u00fczleti rendezv\u00e9nyekre, konferenci\u00e1kra, partnertal\u00e1lkoz\u00f3kra, priv\u00e1t rendezv\u00e9nyekre, esk\u00fcv\u0151re Egeren bel\u00fcli \u00e9s Eger ter\u00fclet\u00e9n k\u00edv\u00fcli helysz\u00ednekre egyar\u00e1nt.A teljes k\u00f6r\u0171 catering partiszerviz tartalmazza a vend\u00e9gl\u00e1t\u00e1s kitelep\u00fcl\u00e9s\u00e9hez [&hellip;]<\/p>\n","protected":false},"author":4,"featured_media":0,"parent":0,"menu_order":0,"comment_status":"closed","ping_status":"closed","template":"","meta":{"site-sidebar-layout":"default","site-content-layout":"","ast-site-content-layout":"default","site-content-style":"default","site-sidebar-style":"default","ast-global-header-display":"","ast-banner-title-visibility":"","ast-main-header-display":"","ast-hfb-above-header-display":"","ast-hfb-below-header-display":"","ast-hfb-mobile-header-display":"","site-post-title":"","ast-breadcrumbs-content":"","ast-featured-img":"","footer-sml-layout":"","ast-disable-related-posts":"","theme-transparent-header-meta":"default","adv-header-id-meta":"","stick-header-meta":"","header-above-stick-meta":"","header-main-stick-meta":"","header-below-stick-meta":"","astra-migrate-meta-layouts":"set","ast-page-background-enabled":"default","ast-page-background-meta":{"desktop":{"background-color":"var(--ast-global-color-4)","background-image":"","background-repeat":"repeat","background-position":"center center","background-size":"auto","background-attachment":"scroll","background-type":"","background-media":"","overlay-type":"","overlay-color":"","overlay-opacity":"","overlay-gradient":""},"tablet":{"background-color":"","background-image":"","background-repeat":"repeat","background-position":"center center","background-size":"auto","background-attachment":"scroll","background-type":"","background-media":"","overlay-type":"","overlay-color":"","overlay-opacity":"","overlay-gradient":""},"mobile":{"background-color":"","background-image":"","background-repeat":"repeat","background-position":"center center","background-size":"auto","background-attachment":"scroll","background-type":"","background-media":"","overlay-type":"","overlay-color":"","overlay-opacity":"","overlay-gradient":""}},"ast-content-background-meta":{"desktop":{"background-color":"var(--ast-global-color-5)","background-image":"","background-repeat":"repeat","background-position":"center center","background-size":"auto","background-attachment":"scroll","background-type":"","background-media":"","overlay-type":"","overlay-color":"","overlay-opacity":"","overlay-gradient":""},"tablet":{"background-color":"var(--ast-global-color-5)","background-image":"","background-repeat":"repeat","background-position":"center center","background-size":"auto","background-attachment":"scroll","background-type":"","background-media":"","overlay-type":"","overlay-color":"","overlay-opacity":"","overlay-gradient":""},"mobile":{"background-color":"var(--ast-global-color-5)","background-image":"","background-repeat":"repeat","background-position":"center center","background-size":"auto","background-attachment":"scroll","background-type":"","background-media":"","overlay-type":"","overlay-color":"","overlay-opacity":"","overlay-gradient":""}},"footnotes":""},"class_list":["post-46","page","type-page","status-publish","hentry"],"_links":{"self":[{"href":"https:\/\/hotelunicornis.hu\/web\/wp-json\/wp\/v2\/pages\/46","targetHints":{"allow":["GET"]}}],"collection":[{"href":"https:\/\/hotelunicornis.hu\/web\/wp-json\/wp\/v2\/pages"}],"about":[{"href":"https:\/\/hotelunicornis.hu\/web\/wp-json\/wp\/v2\/types\/page"}],"author":[{"embeddable":true,"href":"https:\/\/hotelunicornis.hu\/web\/wp-json\/wp\/v2\/users\/4"}],"replies":[{"embeddable":true,"href":"https:\/\/hotelunicornis.hu\/web\/wp-json\/wp\/v2\/comments?post=46"}],"version-history":[{"count":11,"href":"https:\/\/hotelunicornis.hu\/web\/wp-json\/wp\/v2\/pages\/46\/revisions"}],"predecessor-version":[{"id":2646,"href":"https:\/\/hotelunicornis.hu\/web\/wp-json\/wp\/v2\/pages\/46\/revisions\/2646"}],"wp:attachment":[{"href":"https:\/\/hotelunicornis.hu\/web\/wp-json\/wp\/v2\/media?parent=46"}],"curies":[{"name":"wp","href":"https:\/\/api.w.org\/{rel}","templated":true}]}}